ainder when (-20 - -14) + 3 + 184 is divided by 56.
13
Suppose -5*i + 2*i = -5*j + 5224, 0 = -4*j - 5*i + 4157. Calculate the remainder when j is divided by 34.
23
Let a(s) = 163*s + 459. Calculate the remainder when a(-2) is divided by 112.
21
Suppose 6*s - 489 = 512 - 335. What is the remainder when 559 is divided by s?
4
Suppose -2*d = -7*d + 580. Let o = d + -71. Calculate the remainder when o is divided by 363/44 + 1/(-4).
5
Let v = -121 - -130. Suppose v*t = 4155 - 1338. Calculate the remainder when t is divided by 9.
7
Calculate the remainder when (-3)/(-9) - (-2 - 281708/21) is divided by 63.
61
Let d = -76 - -50. Let t(f) = f**3 - 7*f**2 + 17*f - 26. What is the remainder when t(6) is divided by (1 - 36)*d/65?
12
Suppose 3*d = 3, -19 = -4*f + 4*d + 1. Suppose -f*r - 2*r = -464. Calculate the remainder when r is divided by 23.
12
Suppose 0 = 256*u - 217*u - 36309. Calculate the remainder when u is divided by 23.
11
Let u(j) = 49*j + 710. Calculate the remainder when 574 is divided by u(-13).
63
Let g be (3 - 210/66) + 652/(-44). What is the remainder when 182 is divided by 100/g*(-6)/2 + 6?
0
Let s = -9411 + 9442. Calculate the remainder when 1262 is divided by s.
22
Suppose 132 = -4*i - 2*i. Let f be 5/(i/(-12) - 2). Let v = f + 36. Calculate the remainder when 22 is divided by v.
4
Suppose -43 + 15 = -h - 4*s, -3*h + 62 = s. Suppose h*q + 10 = 22*q. Calculate the remainder when 18 is divided by q.
3
Let p = 1124 - 1109. What is the remainder when 417 is divided by p?
12
Let h(l) = -l**3 + 15*l**2 - 3*l - 146. Calculate the remainder when h(14) is divided by 1.
0
Calculate the remainder when 246/(-656) + 27206/16 is divided by 31.
26
Let c = -95 - 83. Let u = c - -187. Calculate the remainder when 111 is divided by u.
3
Let s be (120/(-45))/((-8)/9). Suppose d - t - 4 = -0, d - 4*t = 10. Suppose 4*j = d*p - 70, -119 = -s*p - p + j. What is the remainder when p is divided by 16?
13
Suppose 160 = -33*r + 38*r. Suppose 18*f - r*f = -196. What is the remainder when 123 is divided by f?
11
Suppose d = -3, 3*d + 58 = g + 5. Suppose 236*k - 237*k = -11. Suppose -4*f = t - 230, 5*f - 4 = k. What is the remainder when t is divided by g?
42
Suppose -5*d + 3*k = -91, -5*d - 4*k + 34 = -8. Calculate the remainder when 3571 is divided by d.
1
Suppose 11 = 4*v + 3. Suppose 0 = a + v*a + 3*r - 75, 2*a - 5*r - 71 = 0. Let u = 67 - a. What is the remainder when 115 is divided by u?
37
Let n(p) = -7*p**2 + 110*p - 60. Let c = 13 + -8. Suppose -c*z - 5 = -25. Calculate the remainder when n(15) is divided by z.
3
Let y = 78 + 121. Let h = y - 134. Calculate the remainder when h is divided by 36.
29
Suppose 10*o = 14*o - 936. Let a = 237 - o. What is the remainder when 46 is divided by a?
1
Let m(b) = 7*b + 1. Let d = 15 + -10. Suppose d*k - 4 = 4*k. Calculate the remainder when 84 is divided by m(k).
26
Let k(v) = v**3 + v**2 - v - 1. Let u be k(1). Suppose -n = u, -3*p + 76 + 11 = 2*n. Suppose 0 = -j - j + 404. What is the remainder when j is divided by p?
28
Let j = 36928 - 36884. What is the remainder when 2683 is divided by j?
43
Let h(d) be the second derivative of 2*d**4/3 - d**3/3 + 39*d**2/2 + 35*d + 1. Suppose 2*g = -2 + 14. Calculate the remainder when h(0) is divided by g.
3
Let a(b) = -292*b + 886. Suppose -4*s = -4*f - 32, 5*f = 2*s - 17 - 14. Calculate the remainder when a(3) is divided by s.
1
Let y(j) = 4*j**2 + 4*j - 4. Calculate the remainder when y(7) is divided by 35 + -3 + 6 - (16 + -23).
40
Let z = -18603 - -18636. Let b = 300 + -70. Calculate the remainder when b is divided by z.
32
Suppose -3*t + 28 = -14. Suppose t*s = 10*s + 508. What is the remainder when s is divided by 13?
10
Suppose -122 = -17*l + 133. Calculate the remainder when 52 is divided by l.
7
What is the remainder when (-2*1)/(((-6)/(-594))/(11/(-6))) is divided by 76?
59
Let y be (-11)/(-1) - 16/4. Suppose -h - y = 3*c, -2*c = -h - h + 10. Calculate the remainder when 82 is divided by 9*h + 6*6/12.
19
Suppose -2*f + 132 = 112. Suppose 0 = 7*l - 4*l - 117. Suppose 13 = -4*i + 3*r + 68, 3*i = 3*r + l. Calculate the remainder when i is divided by f.
6
Let w = 7822 - 7662. Suppose 0 = 2*y + 2*y - 44. Suppose -y*t = -w - 5. Calculate the remainder when 73 is divided by t.
13
Let n = 14 - 25. Let v = -2 - n. Suppose 113*a - 4106 = 6968. Calculate the remainder when a is divided by v.
8
Let o be (-2 + 0)*(-343)/(-14). Let w = -44 - o. Suppose 3*q = -n + 6*n + w, 5*q + 4*n - 33 = 0. What is the remainder when 9 is divided by q?
4
Let q(w) = w**3 + 22*w**2 - 28*w - 528. Calculate the remainder when q(-22) is divided by 56.
32
Suppose -4*v = 33*q - 29*q - 68, 2*q - 10 = 0. Calculate the remainder when 1399 is divided by v.
7
Let c(f) = 73*f**3 - f**2 - 2*f + 4. Let p be (4/(-3))/(24/(-18)). What is the remainder when c(p) is divided by 15?
14
Let m be (-2)/(-2)*(0 - -9). Suppose 0 = -5*t + m*t + 20. What is the remainder when 34 - ((-2)/1 - t) is divided by 16?
15
Suppose -259 = -11*w - 3*w + 511. What is the remainder when 91 is divided by w?
36
Suppose -20 = 60*n - 62*n. Suppose -n*j + 1150 = -0*j. Let q = j - 72. What is the remainder when q is divided by 23?
20
Suppose -5*t = 3*a - 79, 2*t - 7*t = 5. What is the remainder when 6185 is divided by a?
25
Let c be -2*(24/56 + 26/(-28)). Suppose 4*z = c - 9. Calculate the remainder when (12 - 16)/(z/3) is divided by 3.
0
Suppose 0 = 4*j - 4*i - 172, -3*j - 34*i + 128 = -36*i. What is the remainder when 583 is divided by j?
37
Suppose -n - 134 = -7*p + 946, 20 = 4*n. Suppose 5*x - 2*t + 51 = 183, 22 = x + 4*t. Calculate the remainder when p is divided by x.
25
Suppose -1740 = -3*o + 3*k, -2*o + 6*k - 7*k + 1154 = 0. Calculate the remainder when o is divided by 36.
2
Let a = -50 + 5. Let p = -48 - a. Calculate the remainder when ((2 + p)*-1)/(1/15) is divided by 4.
3
Suppose 4 = 2*g, 53*m - 127 = 52*m + 5*g. Calculate the remainder when 409 is divided by m.
135
What is the remainder when 140 is divided by (370/(-30) + -10)*-6 - 1*5?
11
Calculate the remainder when (17 + -101)*2/(48/(-942)) is divided by 10.
7
Suppose -3*l + 4*m + 882 = 0, 5 - 2 = -m. Suppose -756 = -65*a + 47*a. What is the remainder when l is divided by a?
38
Let k(m) = 4*m**2 - 6*m + 10. Let t be k(4). Let w = t - 39. Suppose 4*f + 5*o - 224 = 0, -f = -o + 2*o - 55. Calculate the remainder when f is divided by w.
7
What is the remainder when 1391 is divided by (-2782)/(-91) - (-60)/140?
27
What is the remainder when (16/6)/((-211)/(-1266)) is divided by (4/(-5))/(12/(-90))?
4
Let o(l) = l**3 - 23*l**2 + 41*l + 36. Let s = -1639 + 1693. Calculate the remainder when s is divided by o(21).
9
Let z(s) = 1858*s**2 - 16*s - 3. What is the remainder when z(-2) is divided by 17?
15
Let j(y) = -3*y + 12. Let r be j(3). Calculate the remainder when -8*3/(-1) + (-2 - -1) is divided by (-3*40/45)/((-1)/r).
7
What is the remainder when 1977 is divided by ((-42)/(-252))/(1/12) + 13?
12
Let q be -1 - -127 - (4/(-2) - -3). Let m(a) = a**3 - 3*a**2 - 8*a - 4. Let c be m(5). Suppose -c*s + q = -s. What is the remainder when 72 is divided by s?
22
Let l(n) = -56*n + 6. Let b be l(-4). Suppose -b - 130 = 4*k. Calculate the remainder when 59 is divided by (k/(-12))/((-1)/(-2)).
14
Suppose s = -4*b + 7, -7*s + 14 = -2*s - b. Suppose 11*m - 140 = -s*m. Calculate the remainder when 249 is divided by m.
9
Let h(c) = 7*c - 26*c + 13*c - 68*c - 10 + 83. What is the remainder when h(-2) is divided by 46?
37
Let d = -2346 + 2352. What is the remainder when 2072 is divided by d?
2
Let p(f) = 50*f - 2. Let t(u) = -u**3 + 20*u**2 + 30*u - 163. Calculate the remainder when p(2) is divided by t(21).
20
Suppose 37*i - 66307 = 116214. What is the remainder when i is divided by 7?
5
Calculate the remainder when (-200335)/(-1236) - ((-52)/(-48) + -4 - -3) is divided by 0 + 10/(-1)*-3.
12
Suppose -28 = -o - b + 29, -5*b + 20 = 0. What is the remainder when 116 is divided by o?
10
Suppose 1 = -u, 2*r - 5 = 3*u + 6. Suppose 117 + 27 = r*v. Calculate the remainder when 103 is divided by v.
31
Suppose 0 = 4*h - 6 - 10. Let q be 3/6*-6*h. Calculate the remainder when 4/(-2 + q*12/(-63)) is divided by 11.
3
Suppose 18*j = 2419 - 907. Suppose -78*w = -j*w + 84. Calculate the remainder when 24 is di